{"id":40,"date":"2019-01-04T21:18:13","date_gmt":"2019-01-04T21:18:13","guid":{"rendered":"https:\/\/www.erstabi.se\/butik\/?post_type=product&#038;p=40"},"modified":"2026-04-09T11:30:59","modified_gmt":"2026-04-09T09:30:59","slug":"jungfruhonung-vaxkaka-ca-2kg","status":"publish","type":"product","link":"https:\/\/www.erstabi.se\/butik\/?product=jungfruhonung-vaxkaka-ca-2kg","title":{"rendered":"Jungfruhonung (vaxkaka) ca 2kg"},"content":{"rendered":"<p>En vaxkaka med honung, \u00e4ven kallad jungfruhonung, \u00e4r helt naturlig honung som fortfarande ligger kvar i binas egenbyggda vaxceller. B\u00e5de honungen och vaxet \u00e4r producerade fr\u00e5n grunden av bina utan n\u00e5gon bearbetning. Allt \u00e4r \u00e4tbart \u2013 du kan njuta av b\u00e5de den rena honungen och det mjuka bivaxet tillsammans.<\/p>\n<p>Best\u00e4llningsvara (s\u00e4ljs i mindre askar ca 300 gr eller hela ramar ca 2 kg). Best\u00e4ll h\u00e4r f\u00f6r leverans i augusti om bina har producerat vaxkakor. Det varierar fr\u00e5n \u00e5r till \u00e5r.<\/p>\n","protected":false},"excerpt":{"rendered":"<p>En vaxkaka med honung, \u00e4ven kallad jungfruhonung, \u00e4r helt naturlig honung som fortfarande ligger kvar i binas egenbyggda vaxceller. B\u00e5de honungen och vaxet \u00e4r producerade fr\u00e5n grunden av bina utan n\u00e5gon bearbetning. Allt \u00e4r \u00e4tbart \u2013 du kan njuta av b\u00e5de den rena honungen och det mjuka bivaxet tillsammans. Best\u00e4llningsvara (s\u00e4ljs i mindre askar ca [&hellip;]<\/p>\n","protected":false},"featured_media":13,"comment_status":"open","ping_status":"closed","template":"","meta":[],"product_brand":[],"product_cat":[20],"product_tag":[],"class_list":{"0":"post-40","1":"product","2":"type-product","3":"status-publish","4":"has-post-thumbnail","6":"product_cat-honung","8":"first","9":"instock","10":"taxable","11":"shipping-taxable","12":"purchasable","13":"product-type-simple"},"yoast_head":"<!-- This site is optimized with the Yoast SEO plugin v27.5 - https:\/\/yoast.com\/product\/yoast-seo-wordpress\/ -->\n<title>Jungfruhonung (vaxkaka) ca 2kg - Ersta Big\u00e5rdar<\/title>\n<meta name=\"robots\" content=\"index, follow, max-snippet:-1, max-image-preview:large, max-video-preview:-1\" \/>\n<link rel=\"canonical\" href=\"https:\/\/www.erstabi.se\/butik\/?product=jungfruhonung-vaxkaka-ca-2kg\" \/>\n<meta property=\"og:locale\" content=\"sv_SE\" \/>\n<meta property=\"og:type\" content=\"article\" \/>\n<meta property=\"og:title\" content=\"Jungfruhonung (vaxkaka) ca 2kg - Ersta Big\u00e5rdar\" \/>\n<meta property=\"og:description\" content=\"En vaxkaka med honung, \u00e4ven kallad jungfruhonung, \u00e4r helt naturlig honung som fortfarande ligger kvar i binas egenbyggda vaxceller. B\u00e5de honungen och vaxet \u00e4r producerade fr\u00e5n grunden av bina utan n\u00e5gon bearbetning. Allt \u00e4r \u00e4tbart \u2013 du kan njuta av b\u00e5de den rena honungen och det mjuka bivaxet tillsammans. Best\u00e4llningsvara (s\u00e4ljs i mindre askar ca [&hellip;]\" \/>\n<meta property=\"og:url\" content=\"https:\/\/www.erstabi.se\/butik\/?product=jungfruhonung-vaxkaka-ca-2kg\" \/>\n<meta property=\"og:site_name\" content=\"Ersta Big\u00e5rdar\" \/>\n<meta property=\"article:publisher\" content=\"https:\/\/www.facebook.com\/112222466859120\/\" \/>\n<meta property=\"article:modified_time\" content=\"2026-04-09T09:30:59+00:00\" \/>\n<meta property=\"og:image\" content=\"http:\/\/media.erstabi.se\/2019\/01\/vax.jpg\" \/>\n\t<meta property=\"og:image:width\" content=\"2134\" \/>\n\t<meta property=\"og:image:height\" content=\"1201\" \/>\n\t<meta property=\"og:image:type\" content=\"image\/jpeg\" \/>\n<meta name=\"twitter:card\" content=\"summary_large_image\" \/>\n<meta name=\"twitter:label1\" content=\"Ber\u00e4knad l\u00e4stid\" \/>\n\t<meta name=\"twitter:data1\" content=\"1 minut\" \/>\n<script type=\"application\/ld+json\" class=\"yoast-schema-graph\">{\"@context\":\"https:\\\/\\\/schema.org\",\"@graph\":[{\"@type\":\"WebPage\",\"@id\":\"https:\\\/\\\/www.erstabi.se\\\/butik\\\/?product=jungfruhonung-vaxkaka-ca-2kg\",\"url\":\"https:\\\/\\\/www.erstabi.se\\\/butik\\\/?product=jungfruhonung-vaxkaka-ca-2kg\",\"name\":\"Jungfruhonung (vaxkaka) ca 2kg - Ersta Big\u00e5rdar\",\"isPartOf\":{\"@id\":\"https:\\\/\\\/www.erstabi.se\\\/butik\\\/#website\"},\"primaryImageOfPage\":{\"@id\":\"https:\\\/\\\/www.erstabi.se\\\/butik\\\/?product=jungfruhonung-vaxkaka-ca-2kg#primaryimage\"},\"image\":{\"@id\":\"https:\\\/\\\/www.erstabi.se\\\/butik\\\/?product=jungfruhonung-vaxkaka-ca-2kg#primaryimage\"},\"thumbnailUrl\":\"https:\\\/\\\/media.erstabi.se\\\/2019\\\/01\\\/vax.jpg\",\"datePublished\":\"2019-01-04T21:18:13+00:00\",\"dateModified\":\"2026-04-09T09:30:59+00:00\",\"breadcrumb\":{\"@id\":\"https:\\\/\\\/www.erstabi.se\\\/butik\\\/?product=jungfruhonung-vaxkaka-ca-2kg#breadcrumb\"},\"inLanguage\":\"sv-SE\",\"potentialAction\":[{\"@type\":\"ReadAction\",\"target\":[\"https:\\\/\\\/www.erstabi.se\\\/butik\\\/?product=jungfruhonung-vaxkaka-ca-2kg\"]}]},{\"@type\":\"ImageObject\",\"inLanguage\":\"sv-SE\",\"@id\":\"https:\\\/\\\/www.erstabi.se\\\/butik\\\/?product=jungfruhonung-vaxkaka-ca-2kg#primaryimage\",\"url\":\"https:\\\/\\\/media.erstabi.se\\\/2019\\\/01\\\/vax.jpg\",\"contentUrl\":\"https:\\\/\\\/media.erstabi.se\\\/2019\\\/01\\\/vax.jpg\",\"width\":2134,\"height\":1201},{\"@type\":\"BreadcrumbList\",\"@id\":\"https:\\\/\\\/www.erstabi.se\\\/butik\\\/?product=jungfruhonung-vaxkaka-ca-2kg#breadcrumb\",\"itemListElement\":[{\"@type\":\"ListItem\",\"position\":1,\"name\":\"Hem\",\"item\":\"https:\\\/\\\/www.erstabi.se\\\/butik\\\/\"},{\"@type\":\"ListItem\",\"position\":2,\"name\":\"Webbutik\",\"item\":\"https:\\\/\\\/www.erstabi.se\\\/butik\\\/?page_id=5\"},{\"@type\":\"ListItem\",\"position\":3,\"name\":\"Jungfruhonung (vaxkaka) ca 2kg\"}]},{\"@type\":\"WebSite\",\"@id\":\"https:\\\/\\\/www.erstabi.se\\\/butik\\\/#website\",\"url\":\"https:\\\/\\\/www.erstabi.se\\\/butik\\\/\",\"name\":\"Ersta Big\u00e5rdar\",\"description\":\"Honung fr\u00e5n skogen och p\u00e5 \u00e4ngar runt v\u00e5r by\",\"potentialAction\":[{\"@type\":\"SearchAction\",\"target\":{\"@type\":\"EntryPoint\",\"urlTemplate\":\"https:\\\/\\\/www.erstabi.se\\\/butik\\\/?s={search_term_string}\"},\"query-input\":{\"@type\":\"PropertyValueSpecification\",\"valueRequired\":true,\"valueName\":\"search_term_string\"}}],\"inLanguage\":\"sv-SE\"}]}<\/script>\n<!-- \/ Yoast SEO plugin. -->","yoast_head_json":{"title":"Jungfruhonung (vaxkaka) ca 2kg - Ersta Big\u00e5rdar","robots":{"index":"index","follow":"follow","max-snippet":"max-snippet:-1","max-image-preview":"max-image-preview:large","max-video-preview":"max-video-preview:-1"},"canonical":"https:\/\/www.erstabi.se\/butik\/?product=jungfruhonung-vaxkaka-ca-2kg","og_locale":"sv_SE","og_type":"article","og_title":"Jungfruhonung (vaxkaka) ca 2kg - Ersta Big\u00e5rdar","og_description":"En vaxkaka med honung, \u00e4ven kallad jungfruhonung, \u00e4r helt naturlig honung som fortfarande ligger kvar i binas egenbyggda vaxceller. B\u00e5de honungen och vaxet \u00e4r producerade fr\u00e5n grunden av bina utan n\u00e5gon bearbetning. Allt \u00e4r \u00e4tbart \u2013 du kan njuta av b\u00e5de den rena honungen och det mjuka bivaxet tillsammans. Best\u00e4llningsvara (s\u00e4ljs i mindre askar ca [&hellip;]","og_url":"https:\/\/www.erstabi.se\/butik\/?product=jungfruhonung-vaxkaka-ca-2kg","og_site_name":"Ersta Big\u00e5rdar","article_publisher":"https:\/\/www.facebook.com\/112222466859120\/","article_modified_time":"2026-04-09T09:30:59+00:00","og_image":[{"width":2134,"height":1201,"url":"http:\/\/media.erstabi.se\/2019\/01\/vax.jpg","type":"image\/jpeg"}],"twitter_card":"summary_large_image","twitter_misc":{"Ber\u00e4knad l\u00e4stid":"1 minut"},"schema":{"@context":"https:\/\/schema.org","@graph":[{"@type":"WebPage","@id":"https:\/\/www.erstabi.se\/butik\/?product=jungfruhonung-vaxkaka-ca-2kg","url":"https:\/\/www.erstabi.se\/butik\/?product=jungfruhonung-vaxkaka-ca-2kg","name":"Jungfruhonung (vaxkaka) ca 2kg - Ersta Big\u00e5rdar","isPartOf":{"@id":"https:\/\/www.erstabi.se\/butik\/#website"},"primaryImageOfPage":{"@id":"https:\/\/www.erstabi.se\/butik\/?product=jungfruhonung-vaxkaka-ca-2kg#primaryimage"},"image":{"@id":"https:\/\/www.erstabi.se\/butik\/?product=jungfruhonung-vaxkaka-ca-2kg#primaryimage"},"thumbnailUrl":"https:\/\/media.erstabi.se\/2019\/01\/vax.jpg","datePublished":"2019-01-04T21:18:13+00:00","dateModified":"2026-04-09T09:30:59+00:00","breadcrumb":{"@id":"https:\/\/www.erstabi.se\/butik\/?product=jungfruhonung-vaxkaka-ca-2kg#breadcrumb"},"inLanguage":"sv-SE","potentialAction":[{"@type":"ReadAction","target":["https:\/\/www.erstabi.se\/butik\/?product=jungfruhonung-vaxkaka-ca-2kg"]}]},{"@type":"ImageObject","inLanguage":"sv-SE","@id":"https:\/\/www.erstabi.se\/butik\/?product=jungfruhonung-vaxkaka-ca-2kg#primaryimage","url":"https:\/\/media.erstabi.se\/2019\/01\/vax.jpg","contentUrl":"https:\/\/media.erstabi.se\/2019\/01\/vax.jpg","width":2134,"height":1201},{"@type":"BreadcrumbList","@id":"https:\/\/www.erstabi.se\/butik\/?product=jungfruhonung-vaxkaka-ca-2kg#breadcrumb","itemListElement":[{"@type":"ListItem","position":1,"name":"Hem","item":"https:\/\/www.erstabi.se\/butik\/"},{"@type":"ListItem","position":2,"name":"Webbutik","item":"https:\/\/www.erstabi.se\/butik\/?page_id=5"},{"@type":"ListItem","position":3,"name":"Jungfruhonung (vaxkaka) ca 2kg"}]},{"@type":"WebSite","@id":"https:\/\/www.erstabi.se\/butik\/#website","url":"https:\/\/www.erstabi.se\/butik\/","name":"Ersta Big\u00e5rdar","description":"Honung fr\u00e5n skogen och p\u00e5 \u00e4ngar runt v\u00e5r by","potentialAction":[{"@type":"SearchAction","target":{"@type":"EntryPoint","urlTemplate":"https:\/\/www.erstabi.se\/butik\/?s={search_term_string}"},"query-input":{"@type":"PropertyValueSpecification","valueRequired":true,"valueName":"search_term_string"}}],"inLanguage":"sv-SE"}]}},"_links":{"self":[{"href":"https:\/\/www.erstabi.se\/butik\/index.php?rest_route=\/wp\/v2\/product\/40","targetHints":{"allow":["GET"]}}],"collection":[{"href":"https:\/\/www.erstabi.se\/butik\/index.php?rest_route=\/wp\/v2\/product"}],"about":[{"href":"https:\/\/www.erstabi.se\/butik\/index.php?rest_route=\/wp\/v2\/types\/product"}],"replies":[{"embeddable":true,"href":"https:\/\/www.erstabi.se\/butik\/index.php?rest_route=%2Fwp%2Fv2%2Fcomments&post=40"}],"wp:featuredmedia":[{"embeddable":true,"href":"https:\/\/www.erstabi.se\/butik\/index.php?rest_route=\/wp\/v2\/media\/13"}],"wp:attachment":[{"href":"https:\/\/www.erstabi.se\/butik\/index.php?rest_route=%2Fwp%2Fv2%2Fmedia&parent=40"}],"wp:term":[{"taxonomy":"product_brand","embeddable":true,"href":"https:\/\/www.erstabi.se\/butik\/index.php?rest_route=%2Fwp%2Fv2%2Fproduct_brand&post=40"},{"taxonomy":"product_cat","embeddable":true,"href":"https:\/\/www.erstabi.se\/butik\/index.php?rest_route=%2Fwp%2Fv2%2Fproduct_cat&post=40"},{"taxonomy":"product_tag","embeddable":true,"href":"https:\/\/www.erstabi.se\/butik\/index.php?rest_route=%2Fwp%2Fv2%2Fproduct_tag&post=40"}],"curies":[{"name":"wp","href":"https:\/\/api.w.org\/{rel}","templated":true}]}}